-1?
403
In base 15, what is 102 + 5?
107
In base 12, what is 236 - 5?
231
In base 2, what is -1000101001 + 1?
-1000101000
In base 15, what is -8d9 - -3?
-8d6
In base 7, what is -13 + 61?
45
In base 10, what is 14 + 31?
45
In base 14, what is -12c + 12?
-11a
In base 6, what is 4 - -55?
103
In base 4, what is 1 - -1331?
1332
In base 3, what is 101221 + 11?
102002
In base 12, what is -3 + 52?
4b
In base 10, what is 195 + 4?
199
In base 16, what is -ad1 + -4?
-ad5
In base 5, what is -333110 + -3?
-333113
In base 10, what is -7 + -304?
-311
In base 2, what is 11001001 - 1?
11001000
In base 4, what is -11 - -1332?
1321
In base 16, what is 7 - -20?
27
In base 4, what is -102 + 22?
-20
In base 2, what is 100000 - -101?
100101
In base 5, what is 200 - 1?
144
In base 15, what is 0 + -24e?
-24e
In base 3, what is -1 - 101?
-102
In base 4, what is 2 + -21110?
-21102
In base 15, what is 4 + b?
10
In base 9, what is -2287 + -4?
-2302
In base 2, what is -101110110 + 100?
-101110010
In base 4, what is 12 - 122?
-110
In base 13, what is -c - -2?
-a
In base 2, what is 111010 - -101000001?
101111011
In base 2, what is 1001100010 + -1001?
1001011001
In base 2, what is -101010 + 110?
-100100
In base 11, what is -3 + -249?
-251
In base 2, what is -10010 - -100?
-1110
In base 4, what is 21012 + -1?
21011
In base 5, what is -2133 - -2?
-2131
In base 6, what is 233 + 5?
242
In base 7, what is -1 - 430?
-431
In base 8, what is 133 + 2?
135
In base 9, what is 33 - -7?
41
In base 3, what is 10 - 200022?
-200012
In base 16, what is 1aed + -5?
1ae8
In base 2, what is -110110 - -110?
-110000
In base 9, what is 128 + 2?
131
In base 16, what is a3 - -88?
12b
In base 12, what is -5 - 11b3?
-11b8
In base 13, what is 7 - 25?
-1b
In base 14, what is c1 + -51?
70
In base 2, what is 0 - 1011001101?
-1011001101
In base 16, what is -102 - -6?
-fc
In base 6, what is -403 + -5?
-412
In base 7, what is 65 + -1305?
-1210
In base 14, what is 180 + 2?
182
In base 16, what is -5 + -9?
-e
In base 2, what is 1111 - -11010?
101001
In base 11, what is -660a + -4?
-6613
In base 6, what is -20444 + 1?
-20443
In base 5, what is -102 + -3424?
-4031
In base 16, what is 2b - 2?
29
In base 5, what is -423 - -41?
-332
In base 15, what is 3 - d3?
-d0
In base 4, what is 22 + 30?
112
In base 7, what is 0 + 552?
552
In base 4, what is 30 - -1233?
1323
In base 13, what is -b4 + 5?
-ac
In base 6, what is 123 + -111?
12
In base 8, what is 625 - 2?
623
In base 12, what is -21 - -2?
-1b
In base 8, what is 0 + 6164?
6164
In base 5, what is -1 + -1002?
-1003
In base 6, what is -30 - 33?
-103
In base 12, what is -4 + -ab?
-b3
In base 12, what is -3 + -3966?
-3969
In base 11, what is 4 + -44?
-40
In base 11, what is -5 + -1a?
-24
In base 2, what is -110111 - 10010?
-1001001
In base 13, what is -3 + -207?
-20a
In base 16, what is -1e + 4?
-1a
In base 3, what is -1102001 + 10?
-1101221
In base 2, what is 110 - -10100100?
10101010
In base 4, what is 222211 - -3?
222220
In base 6, what is -1214 + -1?
-1215
In base 11, what is -148 + -3?
-150
In base 11, what is 6 - 71?
-66
In base 13, what is 58 + -19?
3c
In base 14, what is -4 + -829?
-82d
In base 3, what is -12 + -1111?
-1200
In base 15, what is 2 - 5?
-3
In base 16, what is -4 - 40?
-44
In base 8, what is 1 - 126?
-125
In base 16, what is -2 - -1be?
1bc
In base 13, what is 0 - 1970?
-1970
In base 9, what is -5 + -35?
-41
In base 8, what is -1 - 7272?
-7273
In base 16, what is 2e - 5?
29
In base 4, what is -2200 - -12?
-2122
In base 13, what is 9 - 234?
-228
In base 6, what is -1135 + -4?
-1143
In base 7, what is -30 + 4?
-23
In base 13, what is 2 - -567?
569
In base 11, what is -255 + -22?
-277
In base 5, what is 3 - -10302?
10310
In base 13, what is -203 + -6?
-209
In base 10, what is -786 - 11?
-797
In base 15, what is bb + -2?
b9
In base 8, what is 46 - -254?
322
In base 12, what is -3 + 207?
204
In base 13, what is -c4 + -87?
-17b
In base 8, what is 2 + 52?
54
In base 16, what is -32 + -4?
-36
In base 16, what is 8b - -3?
8e
In base 14, what is -6464 - -2?
-6462
In base 9, what is -42 + 8?
-33
In base 12, what is 0 - 11?
-11
In base 16, what is 211 + -3?
20e
In base 3, what is 12 + 2110?
2122
In base 16, what is 8d + -10?
7d
In base 15, what is -3 - -64a?
647
In base 12, what is -1 - 32?
-33
In base 4, what is 11 - -310003?
310020
In base 15, what is 3c5 - c?
3b8
In base 5, what is -2 + -413?
-420
In base 11, what is 177 + 1?
178
In base 11, what is -1317 + -3?
-131a
In base 6, what is 322 + 1?
323
In base 12, what is 2 + -23?
-21
In base 10, what is -35 - -2?
-33
In base 3, what is 21221 + 10?
22001
In base 7, what is 30031 + -4?
30024
In base 9, what is 14 - -162?
176
In base 16, what is 9 - 393?
-38a
In base 16, what is -2ae - 3?
-2b1
In base 7, what is -6 - 214?
-223
In base 14, what is -4160 - -3?
-415b
In base 10, what is -8527 + 2?
-8525
In base 4, what is -1 + 23?
22
In base 2, what is -1001 + 1?
-1000
In base 3, what is 1212 - 2102?
-120
In base 10, what is -22 + 15?
-7
In base 7, what is 364 + 50?
444
In base 13, what is 17 + 34c?
366
In base 2, what is 100 + -11?
1
In base 10, what is -6 - -16?
10
In base 13, what is 27 + 6?
30
In base 2, what is 1000 - -100001?
101001
In base 15, what is 4 + 56a?
56e
In base 12, what is 6 - 46?
-40
In base 8, what is -2 - 666?
-670
In base 2, what is -1001110 - 100110100?
-110000010
In base 2, what is 100 - 1101111?
-1101011
In base 13, what is -50 + -11?
-61
In base 7, what is -15 + 35?
20
In base 14, what is -6 + a?
4
In base 6, what is 35 - 0?
35
In base 16, what is 1 - a?
-9
In base 6, what is 4 - -423?
431
In base 16, what is b02 + 4?
b06
In base 9, what is -5 + -3035?
-3041
In base 15, what is 1 - -35?
36
In base 13, what is -11 + -2a?
-3b
In base 4, what is -31001 + 0?
-31001
In base 8, what is -274 + 44?
-230
In base 12, what is 753 + 3?
756
In base 3, what is 1 + 1001200?
1001201
In base 6, what is -342 - 1?
-343
In base 4, what is -13311 - 20?
-13331
In base 9, what is -4 + 2?
-2
In base 8, what is -2457 + -1?
-2460
In base 8, what is -2735 + -2?
-2737
In base 11, what is 3 - 72?
-6a
In base 12, what is 2 - 13?
-11
In base 5, what is 10012 + 4?
10021
In base 13, what is 283 + -8?
278
In base 2, what is -110 + -100110?
-101100
In base 12, what is -123 - 10?
-133
In base 4, what is 101121 + 1?
101122
In base 15, what is 70 + -15?
5a
In base 3, what is -202 - -20?
-112
In base 6, what is -1 - 144?
-145
In base 9, what is 161 + 4?
165
In base 12, what is 24 + -11?
13
In base 14, what is 2dc - -5?
303
In base 14, what is -3c + -14?
-52
In base 11, what is -62 - -2?
-60
In base 9, what is 84 + -3?
81
In base 16, what is -1 + 1cf?
1ce
In base 4, what is -2002002 + 11?
-2001331
In base 11, what is 22 + 3?
25
In base 11, what is -383 - -2?
-381
In base 2, what is 10010100001 + 10011?
10010110100
In base 15, what is 3 - -15?
18
In base 12, what is 7 + 16?
21
In base 5, what is -3 - 20312?
-20320
In base 13, what is b19 + 0?
b19
In base 5, what is -2 - 11?
-13
In base 15, what is 4 - e6?
-e2
In base 13, what is 26 - -5?
2b
In base 14, what is 2 + 4c4?
4c6
In base 5, what is -132 - -103?
-24
In base 15, what is 18 + -8a?
-72
In base 14, what is -279 - 4?
-27d
In base 4, what is -121100 + 11?
-121023
In base 14, what is 206 - 0?
206
In base 14, what is -75 + 2?
-73
In base 11, what is -21 - -10?
-11
In base 6, what is 4532 - 2?
4530
In base 8, what is 15 + 5?
22
In base 13, what is 1 - -26b4?
26b5
In base 8, what is 7 - 177?
-170
In base 5, what is -3 - -100?
42
In base 7, what is 3 + -112?
-106
In base 9, what is 17 - -123?
141
In base 14, what is 2 + 460?
462
In base 16, what is -5 - 17?
-1c
In base 12, what is -5 - 5b7?
-600
In base 15, what is -c - 2?
-e
In base 7, what is 1223 - 1?
1222
In base 7, what is -140 - 222?
-362
In base 2, what is 10 + -1001110?
-1001100
In base 2, what is -1010001011011011 - -1?
-1010001011011010
In base 4, what is -1011200 - -3?
-1011131
In base 8, what is -1625 + 7?
-1616
In base 5, what is -4 + -10131?
-10140
In base 12, what is 0 + 720?
720
In base 6, what is 115 - -220?
335
In base 14, what is 84 - -14?
98
In base 16, what is -11 + -f?
-20
In base 2, what is 10 + -10101010111?
-10101010101
In base 8, what is -6764 + 1?
-6763
In base 3, what is -10 + -1220210?
-1220220
In base 5